is divided by j(2).
4
What is the remainder when 29 is divided by 54/4 + (54/(-12) - -6)?
14
Let x(m) = m**2 + m + 6. What is the remainder when x(-3) is divided by 9?
3
Suppose -2*b = -1 - 23. Suppose -40 = -d + b. What is the remainder when d is divided by 18?
16
Let z(p) = -p**2 - p + 1. Let k be z(1). Calculate the remainder when k*(2 + -1 + -60) is divided by 15.
14
Let p(o) = -o**2 - 9*o + 5. Suppose 4*w - 13 = -5. Suppose w*u = 1 + 17. Calculate the remainder when p(-5) is divided by u.
7
What is the remainder when ((-15)/4)/(2/(-24)) is divided by 16?
13
Let c = 12 + 1. Suppose -2*z = -d + 7 + 5, 4*d = -z + 12. Suppose 75 = d*l - l. Calculate the remainder when l is divided by c.
12
Let g be 39/9 - (-2)/3. Suppose -g*n + 47 = -128. What is the remainder when n is divided by 24*1*(-3)/(-4)?
17
Suppose -8*x = -3*x - 245. Calculate the remainder when x is divided by 13.
10
Let s(t) = -t**3 - 7*t**2 + t + 10. Calculate the remainder when 6 is divided by s(-7).
0
Suppose -3*z + 4*j = 2, 3*z + z - j = -7. What is the remainder when 24 is divided by 22/(2 + 0) - z?
11
Let v(b) = b**3 + 2*b**2 - 4*b - 5. Let y be v(-2). Calculate the remainder when 11 is divided by 3 - (-7 + 4) - y.
2
Suppose 5*o - q = 143, 5*q + 16 - 142 = -4*o. Let w = -14 + o. Let g(l) = l**3 + 5*l**2 - 4*l - 4. What is the remainder when g(-4) is divided by w?
13
Suppose -4*q - 3*o + 32 = 0, 2*o - o = -5*q + 29. Let v = 35 - 33. Calculate the remainder when q is divided by v.
1
Let h(b) = -b**3 + 9*b**2 - 10*b + 2. What is the remainder when h(7) is divided by 16?
14
Let p be ((-24)/18)/(1/(-9)). Let q = 33 + p. Let l = 79 + -56. What is the remainder when q is divided by l?
22
Suppose 1825 = -40*h + 65*h. Let z = -30 - -49. What is the remainder when h is divided by z?
16
Suppose 0*h + 3*h = -3. Calculate the remainder when 118*h/(-2)*1 is divided by 15.
14
Let q be (-94)/(-18) - (-4)/(-18). Suppose -6 = 2*m, 25 = 3*l - 5*m - q. What is the remainder when 8 is divided by l?
3
Suppose -10*q + 10 = -9*q. Calculate the remainder when 89 is divided by q.
9
Let x = -153 - -222. What is the remainder when x is divided by 14?
13
Let q(p) = p**3 + 4*p**2 + 2*p - 4. Let x be q(3). Suppose -5*u + 0*u = -x. What is the remainder when 24 is divided by u?
11
Let o = -19 - -23. Suppose -3*x + 10 = 2*x. Suppose -x = -2*m - o*d - 0, 6 = -3*d. Calculate the remainder when 14 is divided by m.
4
Suppose -155 = -2*z - 3*z. Let j(c) = -c**2 - 8*c - 6. Let q be j(-4). What is the remainder when z is divided by ((-22)/4)/((-5)/q)?
9
Let x(d) = -d**2 + 6*d - 2. Suppose 39 = 5*l - 41. What is the remainder when l is divided by x(4)?
4
Suppose -d = -4 - 0. Suppose 6 = -2*i - 0*i - 4*z, 0 = -i + d*z - 3. What is the remainder when (4/(-3))/(1/i) is divided by 2?
0
Let w = 25 - 5. What is the remainder when 57 is divided by w?
17
Suppose 32*c - 30*c - 10 = 0. Calculate the remainder when 12 is divided by c.
2
Let c = -28 + 121. What is the remainder when c is divided by 32?
29
Let p = -10 - -18. Suppose 2*v + 3 = 23. Suppose -2*r + 3*a - 24 = -83, 2*a + v = 0. What is the remainder when r is divided by p?
6
Let k = 77 - 72. What is the remainder when 14 is divided by k?
4
Let a(s) = s**3 - 7*s**2 - 4*s. Calculate the remainder when a(8) is divided by 7.
4
Let w(j) = -j**3 - 7*j**2 - 9*j - 8. Let s be w(-6). Let q be (-12)/10*s/4. What is the remainder when 5 is divided by 1*q + 7 + -1?
2
Let h(l) = 12*l**2 + 3*l + 1. Suppose 8*q - 13*q - 50 = 0. What is the remainder when h(-2) is divided by 225/q*2/(-3)?
13
Suppose 0 = 3*p - 6*p - 33. What is the remainder when 9 is divided by 28/6 + p/(-33)?
4
Suppose 0 = 5*y - 4*p + p - 77, -2*p + 34 = 2*y. Suppose -3*t + 90 = 2*x, -5*x = -0*t + t - 225. Calculate the remainder when x is divided by y.
13
Suppose -2 - 1 = a + p, -3*a + 4*p + 12 = 0. Let r be 3/2*(-56)/(-12). Suppose 2*v - 3 - r = a. What is the remainder when 8 is divided by v?
3
Suppose 3*s + 49 = 5*r, -3*s + 4 = -2. Suppose 63 = 3*h + 3. Calculate the remainder when h is divided by r.
9
Let y(n) = n**2 - 5*n + 10. Let o(d) = -36*d - 2. Calculate the remainder when o(-2) is divided by y(7).
22
Suppose -9*g = -7*g - 58. What is the remainder when g is divided by 10?
9
Suppose 2*z = -0*z + 8, 3*c - 3*z = -6. Let d(m) = 0*m**2 + 5*m - 3*m**3 - 4*m**2 + 4*m**3 - 3. What is the remainder when d(3) is divided by c?
1
Suppose 5 + 55 = 5*g. Suppose -3*k + g = -18. Calculate the remainder when k is divided by 6.
4
Suppose 4*x = 3*k + 122, -3*x - k + 34 = -2*x. Suppose -7*w = -2*w - 150. Calculate the remainder when x is divided by (-174)/(-10) + (-12)/w.
15
Let i(q) = -9*q**3 - 2*q**2 + q + 1. What is the remainder when i(-3) is divided by 56?
55
Let i be -1*(0 + -1)*31. Suppose -5*u + 49 = -i. What is the remainder when u is divided by 6?
4
Suppose -n + 9 = -10. Suppose -472 = -4*k - 176. What is the remainder when k is divided by n?
17
Let d(r) = -r**3 + 5*r**2 - 7*r + 6. Let m be d(4). Calculate the remainder when (-1060)/(-15) - 2/m is divided by 18.
17
Let r = -81 - -108. What is the remainder when 79 is divided by r?
25
Let k be -4*2/((-4)/5). Calculate the remainder when ((-7)/(-3) - -4)*3 is divided by k - (0 - 0 - 0).
9
Suppose 6 = y + 2*n - 0, 39 = 4*y + 5*n. Calculate the remainder when 44 is divided by y.
12
Let v be ((-26)/8)/((-4)/16). Let a = 31 - v. What is the remainder when 52 is divided by a?
16
Suppose -28 = -u + x, 0 = -2*u + 2*x + x + 54. What is the remainder when 117 is divided by u?
27
Let x = -158 + 197. Calculate the remainder when 191 is divided by x.
35
Calculate the remainder when (-78)/3*1/(-2) is divided by (-18)/27*21/(-2).
6
Suppose 7*q = 3*q + 4, 0 = -3*g - q + 37. What is the remainder when 6 is divided by (g/(-9))/((-4)/6)?
0
Suppose -j + 2*j - 34 = 0. Let r = 23 + -11. Calculate the remainder when j is divided by r.
10
Let y be (-6 - 6)*3/(-2). Suppose 5*v - 4*v - y = 0. Calculate the remainder when 70 is divided by v.
16
Let x = 1 - -10. What is the remainder when x is divided by 3?
2
Calculate the remainder when ((-72)/(-14))/((-4)/(-42)) is divided by 19.
16
Let m(k) = 2*k**2 - 6*k + 7. Let p be m(-7). What is the remainder when 31 is divided by p/14 + (-3)/2?
4
Calculate the remainder when (-5)/(5/2) + 3 - -32 is divided by 4/20 + (-84)/(-5).
16
Suppose 0 = -5*m + 32 - 2. Calculate the remainder when 21 is divided by m.
3
Let u(k) = -k**2 - 4*k - 1. Let g be u(-7). Let r = g + 31. Calculate the remainder when 26 is divided by r.
8
Suppose -2*p = 2*p + 48. Suppose 2*i + 5 = i. Let d = i - p. What is the remainder when d is divided by 4?
3
Let m be 4 + 4 + (1 - 1). What is the remainder when 4 - 1 - 1 - -24 is divided by 3/12 - (-110)/m?
12
Suppose -k + 0*k + 5 = m, -4*m + 29 = -5*k. What is the remainder when 59 is divided by m/9 - 68/(-6)?
11
Let s(g) = 2*g**2 - 2*g - 2. Suppose 4*c - 5*c = -37. Calculate the remainder when c is divided by s(-2).
7
Suppose 4*k - 59 = 53. Calculate the remainder when k is divided by 10.
8
Let i(r) = 2*r**2 - r + 6. Let h be i(6). Suppose -n - h = -4*n. Calculate the remainder when 69 is divided by n.
21
Let q = 115 + -81. What is the remainder when q is divided by 19?
15
Suppose -2*s + 2 = -0*s. Let a = s - 4. What is the remainder when 26 is divided by (-3)/9*a - -13?
12
Suppose k = -0*k + 8. Let d be 8/((5 - 3)/(-2)). Calculate the remainder when k is divided by (10/(-8))/(2/d).
3
Let j = 30 + 24. What is the remainder when j is divided by 14?
12
Let p(k) = k**3 - 12*k**2 - 4*k + 2. What is the remainder when p(13) is divided by 20?
19
Let c = -22 - -30. Calculate the remainder when c is divided by 5.
3
Let k(n) = -2*n - 3. Let u(y) = y - 1. Let c be u(-4). What is the remainder when k(c) is divided by 3?
1
Suppose 446 = 5*y - 114. What is the remainder when y is divided by 38?
36
Let z(i) = -i + 10. What is the remainder when z(-16) is divided by 10?
6
Suppose 24 = -3*b + 4*b - q, -2*b = 4*q - 36. Suppose 0 = r + b - 67. Let n(l) = -3*l + 3. Calculate the remainder when r is divided by n(-3).
9
Let q(r) = 71*r + 1. Let b = 6 - 5. Calculate the remainder when q(b) is divided by 25.
22
Suppose 10*d + 14 - 214 = 0. Calculate the remainder when 78 is divided by d.
18
Calculate the remainder when 7 is divided by (-1 - 0) + (-7 -